{"id":3,"date":"2022-02-02T20:44:28","date_gmt":"2022-02-02T20:44:28","guid":{"rendered":"https:\/\/tesha-fashion.ro\/shop\/?page_id=3"},"modified":"2026-02-14T16:50:17","modified_gmt":"2026-02-14T16:50:17","slug":"politica-de-confidentialitate","status":"publish","type":"page","link":"https:\/\/tesha-fashion.ro\/shop\/politica-de-confidentialitate\/","title":{"rendered":"Privacy Policy"},"content":{"rendered":"<p>&nbsp;<\/p>\n<h2>Cine suntem<\/h2>\n<p>Site-ul<strong> tesha-fashion.ro\/shop<\/strong> este proprietatea <strong>T&#8217;esha SRL<\/strong>, CUI 24777749 \u2022 J35\/4104\/2008.<\/p>\n<p>Adresa: Timisoara, str.Chisodei, nr.23<\/p>\n<p>Telefon: 0723 723 838<\/p>\n<p style=\"text-align: left;\"><strong>Prezentare generala<\/strong><\/p>\n<p style=\"text-align: left;\">Protectia datelor personale reprezinta pentru noi o prioritate. Poti vizita site-ul nostru, fara a fi nevoie sa dai date cu caracter personal. In cazul in care doresti sa plasezi oc omanda pe site-ul nostru, va fi necesar sa perlucram date cu caracter personal.<\/p>\n<p style=\"text-align: left;\">Conform Regulamentului 2016\/679, datele cu caracter personal reprezinta orice informatie referitoare la o persoana fizica identificata sau identificabila. O persoana identificabila este acea persoana care poate fi identificata in mod direct sau indirect, in special prin referire la un numar de identificare sau la unul sau mai multe elemente specifice, proprii identitatii sale.<\/p>\n<h2 style=\"text-align: left;\">CAND COLECTAM DATE CU CARACTER PERSONAL<\/h2>\n<ul style=\"text-align: left;\">\n<li>cand navigezi pe site-ul nostru ne sunt furnizate urmatoarele informatii: broswerul de pe care ne-ai vizitat, adresa de IP a calculatorului folosit, datele protocolului https.<\/li>\n<li>cand creezi un cont de client si te conectezi ulterioara la acesta sau cand plasezi comenzi\/cereri de oferta pentru produsele noastre.<\/li>\n<\/ul>\n<h2 style=\"text-align: left;\">ce date colectam<\/h2>\n<h4 style=\"text-align: left;\">Comentarii<\/h4>\n<p style=\"text-align: left;\">Cand vizitatorii lasa comentarii pe site, colectam datele afi\u0219ate \u00een formularul de comentarii, precum si adresa IP a vizitatorului si sirul de agent de utilizator al browserului pentru a ajuta la detectarea spam-ului.<\/p>\n<h4 style=\"text-align: left;\">Cu cine \u00eemp\u0103rt\u0103\u0219im datele dvs<\/h4>\n<p style=\"text-align: left;\">Daca soliciti o resetare a parolei, adresa ta IP va fi inclusa \u00een e-mailul de resetare.<\/p>\n<p style=\"text-align: left;\">Datele personale introduse pentru comanda produselor noastre vor fi folosite pentru a genera facturi si pentru a-ti trimite coletul. In acest caz, datele vor fi impartasite cu firmele de curierat cu care colaboram.<\/p>\n<h4 style=\"text-align: left;\">Cookie-uri<\/h4>\n<p style=\"text-align: left;\">Daca lasi un comentariu pe site-ul nostru, poti opta pentru salvarea numelui, a adresei de e-mail \u0219i a site-ului web in cookie-uri. Acestea sunt pentru comoditatea ta, astfel incat s\u0103 nu fie nevoie sa complezi din nou datele cand lasi un alt comentariu. Aceste cookie-uri vor dura un an. Daca vizitezi pagina noastra de conectare, vom seta un cookie temporar pentru a determina daca browserul tau accepta cookie-uri. Acest cookie nu con\u021bine date personale si este eliminat atunci cand \u00eenchizi browserul. Cand te conectezi, vom configura si cateva module cookie pentru a-ti salva informa\u021biile de conectare si optiunile de afi\u0219are a ecranului. Cookie-urile de conectare dureaza dou\u0103 zile, iar modulele cookie cu optiuni de ecran dureaz\u0103 un an. Daca selectezi \u201eTine-ma minte\u201d, autentificarea va persista timp de doua saptamani. Daca te deconectezi de la contul tau, cookie-urile de conectare vor fi eliminate.<\/p>\n<h4 style=\"text-align: left;\">Ce drepturi ai asupra datelor tale<\/h4>\n<p style=\"text-align: left;\">Daca ai un cont pe acest site sau ai lasat comentarii, poti solicita sa stergem toate datele personale despre tine, pe care le detinem. Aceasta nu include datele pe care suntem obligati sa le pastram in scopuri administrative, legale sau de securitate.<\/p>\n<p style=\"text-align: left;\">&nbsp;<\/p>\n\n<div data-block-name=\"woocommerce\/featured-category\" data-category-id=\"42\" class=\"wc-block-featured-category alignnone has-background-dim wp-block-woocommerce-featured-category\" style=\"min-height:500px;\"><div class=\"wc-block-featured-category__wrapper\"><div class=\"background-dim__overlay\" style=\"background-color: #000000\"><\/div><img decoding=\"async\" loading=\"lazy\" alt=\"Camasile care iti inveselesc ziua!\" class=\"wc-block-featured-category__background-image\" src=\"https:\/\/i0.wp.com\/tesha-fashion.ro\/shop\/wp-content\/uploads\/2022\/02\/camasa-2057a-albastru.jpg?fit=633%2C1024&#038;ssl=1\" style=\"object-fit: none;object-position: 50% 50%;\" \/><div class=\"wc-block-featured-category__inner-blocks\">\n<h2 data-block-name=\"woocommerce\/category-title\" data-text-align=\"center\" class=\"has-text-align-center wp-block-woocommerce-category-title\">Camasile care iti inveselesc ziua!<\/h2>\n\n\n\n\n<div class=\"wp-block-buttons is-content-justification-center is-layout-flex wp-container-core-buttons-is-layout-16018d1d wp-block-buttons-is-layout-flex\">\n<div class=\"wp-block-button\"><a class=\"wp-block-button__link has-white-color has-text-color has-link-color wp-element-button\" href=\"https:\/\/tesha-fashion.ro\/shop\/categorie-produs\/camasi\/\">Cump\u0103r\u0103 acum<\/a><\/div>\n<\/div>\n\n<\/div><\/div><\/div>\n\n\n<p class=\"\"><\/p>\n","protected":false},"excerpt":{"rendered":"<p>&nbsp; Cine suntem Site-ul tesha-fashion.ro\/shop este proprietatea T&#8217;esha SRL, CUI 24777749 \u2022 J35\/4104\/2008. Adresa: Timisoara, str.Chisodei, nr.23 Telefon: 0723 723 838 Prezentare generala Protectia datelor personale reprezinta pentru noi o prioritate. Poti vizita site-ul nostru, fara a fi nevoie sa dai date cu caracter personal. In cazul in care doresti sa plasezi oc omanda pe &hellip; <\/p>\n","protected":false},"author":1,"featured_media":0,"parent":0,"menu_order":0,"comment_status":"closed","ping_status":"open","template":"","meta":{"nf_dc_page":"","ngg_post_thumbnail":0,"footnotes":""},"class_list":["post-3","page","type-page","status-publish","hentry"],"yoast_head":"<!-- This site is optimized with the Yoast SEO plugin v27.5 - https:\/\/yoast.com\/product\/yoast-seo-wordpress\/ -->\n<title>Privacy Policy - T&#039;esha<\/title>\n<meta name=\"robots\" content=\"index, follow, max-snippet:-1, max-image-preview:large, max-video-preview:-1\" \/>\n<link rel=\"canonical\" href=\"https:\/\/tesha-fashion.ro\/shop\/politica-de-confidentialitate\/\" \/>\n<meta property=\"og:locale\" content=\"ro_RO\" \/>\n<meta property=\"og:type\" content=\"article\" \/>\n<meta property=\"og:title\" content=\"Privacy Policy - T&#039;esha\" \/>\n<meta property=\"og:description\" content=\"&nbsp; Cine suntem Site-ul tesha-fashion.ro\/shop este proprietatea T&#8217;esha SRL, CUI 24777749 \u2022 J35\/4104\/2008. Adresa: Timisoara, str.Chisodei, nr.23 Telefon: 0723 723 838 Prezentare generala Protectia datelor personale reprezinta pentru noi o prioritate. Poti vizita site-ul nostru, fara a fi nevoie sa dai date cu caracter personal. In cazul in care doresti sa plasezi oc omanda pe &hellip;\" \/>\n<meta property=\"og:url\" content=\"https:\/\/tesha-fashion.ro\/shop\/politica-de-confidentialitate\/\" \/>\n<meta property=\"og:site_name\" content=\"T&#039;esha\" \/>\n<meta property=\"article:modified_time\" content=\"2026-02-14T16:50:17+00:00\" \/>\n<meta name=\"twitter:card\" content=\"summary_large_image\" \/>\n<meta name=\"twitter:label1\" content=\"Timp estimat pentru citire\" \/>\n\t<meta name=\"twitter:data1\" content=\"3 minute\" \/>\n<script type=\"application\/ld+json\" class=\"yoast-schema-graph\">{\"@context\":\"https:\\\/\\\/schema.org\",\"@graph\":[{\"@type\":\"WebPage\",\"@id\":\"https:\\\/\\\/tesha-fashion.ro\\\/shop\\\/politica-de-confidentialitate\\\/\",\"url\":\"https:\\\/\\\/tesha-fashion.ro\\\/shop\\\/politica-de-confidentialitate\\\/\",\"name\":\"Privacy Policy - T&#039;esha\",\"isPartOf\":{\"@id\":\"https:\\\/\\\/tesha-fashion.ro\\\/shop\\\/#website\"},\"datePublished\":\"2022-02-02T20:44:28+00:00\",\"dateModified\":\"2026-02-14T16:50:17+00:00\",\"breadcrumb\":{\"@id\":\"https:\\\/\\\/tesha-fashion.ro\\\/shop\\\/politica-de-confidentialitate\\\/#breadcrumb\"},\"inLanguage\":\"ro-RO\",\"potentialAction\":[{\"@type\":\"ReadAction\",\"target\":[\"https:\\\/\\\/tesha-fashion.ro\\\/shop\\\/politica-de-confidentialitate\\\/\"]}]},{\"@type\":\"BreadcrumbList\",\"@id\":\"https:\\\/\\\/tesha-fashion.ro\\\/shop\\\/politica-de-confidentialitate\\\/#breadcrumb\",\"itemListElement\":[{\"@type\":\"ListItem\",\"position\":1,\"name\":\"Home\",\"item\":\"https:\\\/\\\/tesha-fashion.ro\\\/shop\\\/\"},{\"@type\":\"ListItem\",\"position\":2,\"name\":\"Privacy Policy\"}]},{\"@type\":\"WebSite\",\"@id\":\"https:\\\/\\\/tesha-fashion.ro\\\/shop\\\/#website\",\"url\":\"https:\\\/\\\/tesha-fashion.ro\\\/shop\\\/\",\"name\":\"T&#039;esha\",\"description\":\"by Diana Tatucu\",\"publisher\":{\"@id\":\"https:\\\/\\\/tesha-fashion.ro\\\/shop\\\/#organization\"},\"potentialAction\":[{\"@type\":\"SearchAction\",\"target\":{\"@type\":\"EntryPoint\",\"urlTemplate\":\"https:\\\/\\\/tesha-fashion.ro\\\/shop\\\/?s={search_term_string}\"},\"query-input\":{\"@type\":\"PropertyValueSpecification\",\"valueRequired\":true,\"valueName\":\"search_term_string\"}}],\"inLanguage\":\"ro-RO\"},{\"@type\":\"Organization\",\"@id\":\"https:\\\/\\\/tesha-fashion.ro\\\/shop\\\/#organization\",\"name\":\"T&#039;esha\",\"url\":\"https:\\\/\\\/tesha-fashion.ro\\\/shop\\\/\",\"logo\":{\"@type\":\"ImageObject\",\"inLanguage\":\"ro-RO\",\"@id\":\"https:\\\/\\\/tesha-fashion.ro\\\/shop\\\/#\\\/schema\\\/logo\\\/image\\\/\",\"url\":\"https:\\\/\\\/i0.wp.com\\\/tesha-fashion.ro\\\/shop\\\/wp-content\\\/uploads\\\/2025\\\/03\\\/cropped-logo-mic.png?fit=252%2C88&ssl=1\",\"contentUrl\":\"https:\\\/\\\/i0.wp.com\\\/tesha-fashion.ro\\\/shop\\\/wp-content\\\/uploads\\\/2025\\\/03\\\/cropped-logo-mic.png?fit=252%2C88&ssl=1\",\"width\":252,\"height\":88,\"caption\":\"T&#039;esha\"},\"image\":{\"@id\":\"https:\\\/\\\/tesha-fashion.ro\\\/shop\\\/#\\\/schema\\\/logo\\\/image\\\/\"}}]}<\/script>\n<!-- \/ Yoast SEO plugin. -->","yoast_head_json":{"title":"Privacy Policy - T&#039;esha","robots":{"index":"index","follow":"follow","max-snippet":"max-snippet:-1","max-image-preview":"max-image-preview:large","max-video-preview":"max-video-preview:-1"},"canonical":"https:\/\/tesha-fashion.ro\/shop\/politica-de-confidentialitate\/","og_locale":"ro_RO","og_type":"article","og_title":"Privacy Policy - T&#039;esha","og_description":"&nbsp; Cine suntem Site-ul tesha-fashion.ro\/shop este proprietatea T&#8217;esha SRL, CUI 24777749 \u2022 J35\/4104\/2008. Adresa: Timisoara, str.Chisodei, nr.23 Telefon: 0723 723 838 Prezentare generala Protectia datelor personale reprezinta pentru noi o prioritate. Poti vizita site-ul nostru, fara a fi nevoie sa dai date cu caracter personal. In cazul in care doresti sa plasezi oc omanda pe &hellip;","og_url":"https:\/\/tesha-fashion.ro\/shop\/politica-de-confidentialitate\/","og_site_name":"T&#039;esha","article_modified_time":"2026-02-14T16:50:17+00:00","twitter_card":"summary_large_image","twitter_misc":{"Timp estimat pentru citire":"3 minute"},"schema":{"@context":"https:\/\/schema.org","@graph":[{"@type":"WebPage","@id":"https:\/\/tesha-fashion.ro\/shop\/politica-de-confidentialitate\/","url":"https:\/\/tesha-fashion.ro\/shop\/politica-de-confidentialitate\/","name":"Privacy Policy - T&#039;esha","isPartOf":{"@id":"https:\/\/tesha-fashion.ro\/shop\/#website"},"datePublished":"2022-02-02T20:44:28+00:00","dateModified":"2026-02-14T16:50:17+00:00","breadcrumb":{"@id":"https:\/\/tesha-fashion.ro\/shop\/politica-de-confidentialitate\/#breadcrumb"},"inLanguage":"ro-RO","potentialAction":[{"@type":"ReadAction","target":["https:\/\/tesha-fashion.ro\/shop\/politica-de-confidentialitate\/"]}]},{"@type":"BreadcrumbList","@id":"https:\/\/tesha-fashion.ro\/shop\/politica-de-confidentialitate\/#breadcrumb","itemListElement":[{"@type":"ListItem","position":1,"name":"Home","item":"https:\/\/tesha-fashion.ro\/shop\/"},{"@type":"ListItem","position":2,"name":"Privacy Policy"}]},{"@type":"WebSite","@id":"https:\/\/tesha-fashion.ro\/shop\/#website","url":"https:\/\/tesha-fashion.ro\/shop\/","name":"T&#039;esha","description":"by Diana Tatucu","publisher":{"@id":"https:\/\/tesha-fashion.ro\/shop\/#organization"},"potentialAction":[{"@type":"SearchAction","target":{"@type":"EntryPoint","urlTemplate":"https:\/\/tesha-fashion.ro\/shop\/?s={search_term_string}"},"query-input":{"@type":"PropertyValueSpecification","valueRequired":true,"valueName":"search_term_string"}}],"inLanguage":"ro-RO"},{"@type":"Organization","@id":"https:\/\/tesha-fashion.ro\/shop\/#organization","name":"T&#039;esha","url":"https:\/\/tesha-fashion.ro\/shop\/","logo":{"@type":"ImageObject","inLanguage":"ro-RO","@id":"https:\/\/tesha-fashion.ro\/shop\/#\/schema\/logo\/image\/","url":"https:\/\/i0.wp.com\/tesha-fashion.ro\/shop\/wp-content\/uploads\/2025\/03\/cropped-logo-mic.png?fit=252%2C88&ssl=1","contentUrl":"https:\/\/i0.wp.com\/tesha-fashion.ro\/shop\/wp-content\/uploads\/2025\/03\/cropped-logo-mic.png?fit=252%2C88&ssl=1","width":252,"height":88,"caption":"T&#039;esha"},"image":{"@id":"https:\/\/tesha-fashion.ro\/shop\/#\/schema\/logo\/image\/"}}]}},"jetpack_sharing_enabled":true,"_links":{"self":[{"href":"https:\/\/tesha-fashion.ro\/shop\/wp-json\/wp\/v2\/pages\/3","targetHints":{"allow":["GET"]}}],"collection":[{"href":"https:\/\/tesha-fashion.ro\/shop\/wp-json\/wp\/v2\/pages"}],"about":[{"href":"https:\/\/tesha-fashion.ro\/shop\/wp-json\/wp\/v2\/types\/page"}],"author":[{"embeddable":true,"href":"https:\/\/tesha-fashion.ro\/shop\/wp-json\/wp\/v2\/users\/1"}],"replies":[{"embeddable":true,"href":"https:\/\/tesha-fashion.ro\/shop\/wp-json\/wp\/v2\/comments?post=3"}],"version-history":[{"count":4,"href":"https:\/\/tesha-fashion.ro\/shop\/wp-json\/wp\/v2\/pages\/3\/revisions"}],"predecessor-version":[{"id":2652,"href":"https:\/\/tesha-fashion.ro\/shop\/wp-json\/wp\/v2\/pages\/3\/revisions\/2652"}],"wp:attachment":[{"href":"https:\/\/tesha-fashion.ro\/shop\/wp-json\/wp\/v2\/media?parent=3"}],"curies":[{"name":"wp","href":"https:\/\/api.w.org\/{rel}","templated":true}]}}